.
-5
Suppose 5*w = -25, -4*p + 1 = 5*w + 14. Suppose u = -2*u - 2*o - 14, 3*u = p*o - 9. Let g(s) = 2*s**2 + 5*s - 2. Determine g(u).
10
Let h(d) = -d**3 + 5*d**2 - 3*d + 4. Let l(u) = -2*u**2 + 46*u + 5. Let c be l(23). What is h(c)?
-11
Let h(p) be the second derivative of -p**6/720 - p**5/60 - 13*p**4/12 + 44*p. Let t(c) be the third derivative of h(c). What is t(3)?
-5
Let f(y) = -5*y**3 - 2*y**2 + 3*y - 2. Let u(k) = -k**3 - 7*k**2 - 10*k + 1. Let b be u(-5). Determine f(b).
-6
Let n(y) be the third derivative of -y**4/12 - 2*y**3/3 - 55*y**2. What is n(2)?
-8
Suppose -17*h + 48 = -23*h. Let b(w) be the third derivative of -w**4/4 - 4*w**3/3 + w**2. Let m(o) = 2*o + 3. Let l(p) = h*m(p) - 3*b(p). Calculate l(1).
2
Suppose 4*g = 3*i + 23, -46*i - 4*g = -50*i - 24. Let z(l) = -4*l**2 + l + 1. What is z(i)?
-4
Let j(n) = n**3 + 5*n**2 + n + 3. Let q = -311 + 306. Determine j(q).
-2
Let u(l) = l + 4. Let y be u(-3). Suppose 2*j = 4*m - 8, 4*j + 13*m = 8*m + 36. Suppose -j*p = -y + 21. Let i(w) = -w - 3. Calculate i(p).
2
Let r(j) = -j**2 - j + 1. Let x(q) = -2*q**2 - 8*q + 4. Let m = 3 + -1. Let u be (1/m)/((-5)/(-10)). Let k(g) = u*x(g) - 3*r(g). What is k(6)?
7
Let a(f) = f**3 - 3*f**2 - 5*f + 1. Let w be 130/(-715) - (-114)/22. Calculate a(w).
26
Let c be -3 + -7 - (-15)/(-10)*-4. Let t(x) = x**3 + 7*x**2 + 2*x. Determine t(c).
40
Let a(w) = 2*w**3 + 4*w**2 + 9 - w**2 - 8 + w. Calculate a(-2).
-5
Let k(a) = 16*a**2 - 2*a + 1. Let o be 5 + -8 + 1 + 3/1. Determine k(o).
15
Let v(q) = 8*q**2 - 33*q - 9. Let s(h) = 2*h**2 - 3*h - 2. Let n(p) = s(p) - v(p). Calculate n(5).
7
Suppose 2 + 9 = c. Let y(t) = -11 + 4*t**2 + c - 16*t**2. Calculate y(1).
-12
Let g(f) = -f**3 - 3*f**2 + 2*f**3 - 133*f + 1 + 131*f. What is g(4)?
9
Let w(b) = -b**3 - 5*b**2 + 9*b + 8. Let i(a) = a**3 + 19*a**2 - 45*a - 69. Let p be i(-21). Determine w(p).
-10
Let k(d) be the third derivative of -d**6/120 - 2*d**5/15 + 7*d**4/24 + 2*d**3/3 + 378*d**2. Determine k(-9).
22
Suppose -24*u + 90 = 42. Let h(q) = 2*q**2 - 2*q - 2. Calculate h(u).
2
Let x(r) = -r**2 - 11*r + 13. Let g = -120 - -132. Suppose g*l - 15*l - 36 = 0. What is x(l)?
1
Let g be (2/6)/(3/18). Let o(j) = -1 + 1 + 3 + 2 - g*j. Let k = 3 + 3. What is o(k)?
-7
Let h = 120 + -118. Let p(j) = 912*j**2 - h - 8*j - 913*j**2 + j. Give p(-8).
-10
Let j(l) = 2*l - 2. Suppose k = 4*z - 53, 2*z - 5*k + k - 44 = 0. Suppose 4*q - z = 6*q. Determine j(q).
-14
Let w be 3 - (-1 - (124 + 4)). Let b be ((-16)/10)/(7 - w/20). Let r(l) = -l**2 - 5*l - 2. Give r(b).
2
Let y(k) = -k**3 + 2*k**2 - 3*k + 3. Let b = 237 + -234. Give y(b).
-15
Let k(z) = -z - 13. Suppose 5*q - f = -20 - 61, 0 = -4*q - 5*f - 59. What is k(q)?
3
Let j(t) = -2*t + 3. Let x be j(6). Let i = x - -14. Suppose 8 = i*o + 18. Let r(v) = -4*v - 1. Determine r(o).
7
Let x(r) = -14 + 4 + 3153*r - 3152*r. Let d(z) = z**3 - 7*z**2 + 6*z - 1. Let y be d(6). Let i be ((-7)/3)/(y/3). Calculate x(i).
-3
Let b(u) be the third derivative of u**4/12 + 2*u**3/3 - 88*u**2. Determine b(-4).
-4
Let p = -12 + 8. Let x(k) be the first derivative of 4*k + 5/2*k**2 - 4. Give x(p).
-16
Suppose -7 = 10*f - 9*f + s, s + 8 = -2*f. Let m(o) = -o**3 + o + 3. Let x be m(0). Let r(v) = 4 - x - 2 - 5*v. Determine r(f).
4
Let z(n) be the second derivative of n**5/20 + 5*n**4/12 - 5*n**3/6 + 3*n**2/2 + 31*n. Let v(o) = 3*o - 6. Let g be v(7). Let x be 6/15 - 96/g. What is z(x)?
-3
Let m(b) be the third derivative of -1/6*b**4 + 1/6*b**3 + 0 - 26*b**2 + 0*b. Give m(4).
-15
Let w(p) = p**2 - 2. Let c(g) = 4*g**2 + 3*g - 11. Let k(b) = c(b) - 6*w(b). Let f(j) = j**3 + 2*j**2 - j + 4. Let v be f(-3). What is k(v)?
-13
Let g(l) be the second derivative of 0*l**4 + 1/6*l**3 + 1/20*l**5 + 0 + 7*l - 1/2*l**2. What is g(0)?
-1
Suppose 3*n - 2 = -4*w, -2*n + 3*w - 3 = 7. Let i(d) = -d + 2. Let l be i(n). Let j(z) = 5 + z**3 + 5*z**3 - z**3 - l*z**3 - 5*z - 4*z**2. Give j(5).
5
Let x(z) = z**2 + z - 1. Let g be (-4)/(-14) + (-15)/(-21). Let f(c) = 2*c**2 - 5*c + 4. Let y(a) = g*f(a) + 4*x(a). Give y(1).
5
Let d be -5*(56/(-8) - -8). Let t(s) = -s**3 - 5*s**2 + s + 5. Determine t(d).
0
Let a be (-105)/(-30) - (-3)/2. Let l(j) = 5*j**3 + 4 - 5*j + 5*j**2 - 3*j**3 - a - j**3. Determine l(-6).
-7
Let t(s) = 2*s. Let r(h) = -h**2 + 15*h + 4. Let i = 11 + 4. Let d be r(i). Let k be d*-3*(-2)/12. Give t(k).
4
Let y(b) = -b**2 - 12*b - 29. Let x be y(-5). Suppose -p + 3 = x. Let o(a) = a**3 + 4*a**2 + 2*a + 3. Give o(p).
6
Let w(v) = v + 1. Let z(t) = t**2 - 2*t + 14. Let h be 2 - -1 - 6/2. Suppose -14 = 5*i + 3*u, h*u + 9 = -3*i - 2*u. Let q(b) = i*z(b) + 5*w(b). Calculate q(6).
-3
Let m(v) = -2*v**3 + 4*v - 76*v**2 + v**3 + 146*v**2 - 74*v**2 - 5. Let c(g) = -g**2 + 25*g - 29. Let f be c(24). What is m(f)?
0
Let f = 2 - 0. Let o(p) be the first derivative of p**4/4 - 2*p**3/3 + 2*p**2 - 3*p + 693. Calculate o(f).
5
Let u(w) be the third derivative of w**5/60 - w**4/8 + 8*w**2. Let i = 55 + -52. Give u(i).
0
Let b(x) = 8*x**2 + x - 11. Let q(t) = -t**2 - 3. Let z(l) = -b(l) + 4*q(l). Give z(-1).
-12
Let b(h) be the second derivative of h**5/20 - 5*h**4/12 - 5*h**3/6 - 3*h**2/2 - 2*h + 24. What is b(6)?
3
Let q(r) be the second derivative of r**5/120 + 5*r**4/12 - 5*r**3/3 - 30*r. Let k(l) be the second derivative of q(l). Determine k(-8).
2
Let k(j) = j**2 - 47*j + 1 + 0 + 50*j. Suppose 0*y = -y - 2. Calculate k(y).
-1
Let n(o) = o - 1. Let q(j) = j + 1. Let g(t) = -2*n(t) + q(t). What is g(4)?
-1
Let k(l) be the second derivative of l**4/12 + 5*l**3/3 - 15*l - 4. What is k(-8)?
-16
Suppose b = 10*b. Let l(z) = -z + 2 + b*z - 3*z + 3*z. Give l(2).
0
Let z be (10 - -3) + -7 - 3. Let s = -4 + 6. Let w(h) = -2*h**2 + s*h**2 + h**3 - 5*h - 3*h**2 + 3. What is w(z)?
-12
Let n(v) = -2*v**3 - v. Let j(f) be the second derivative of -f**3/3 - 3*f**2/2 + 6*f. Let r be j(-5). Let i = 6 - r. What is n(i)?
3
Let b(m) be the first derivative of -m**4/4 - 2*m**3 - 5*m**2/2 - 4*m - 290. What is b(-4)?
-16
Let b(k) = 14*k**2 - 6*k + 17. Let d(w) = 3*w**2 - 2*w + 4. Let q(o) = -2*b(o) + 9*d(o). Calculate q(-6).
2
Let k(w) be the second derivative of -w**5/20 + 5*w**4/12 - w**3/6 - 5*w**2/2 + 664*w. Suppose -2*t = -2*h + 1 + 13, -t = 5*h - 23. Give k(h).
-10
Let q(y) be the first derivative of -y**3/3 + y**2/2 - 4*y + 2. Let i = 32 - 12. Let c = -20 + i. Calculate q(c).
-4
Let a(k) = -k**3 - k**2 + 3*k - 2. Suppose j - 25 = 6*j. Suppose -5*i + 3 = -7. Let g = j + i. Give a(g).
7
Let s(k) = -2*k + 15. Let r be s(7). Let q(m) = 2*m - 9*m + 9*m - 2*m**2 - 8*m**3 - 1. What is q(r)?
-9
Let o(t) = -3*t + 2. Let f be o(3). Let n(c) = -49163*c - 3 - c**2 + 49154*c - 2. What is n(f)?
9
Let z be ((-84)/(-9))/(-7)*-6. Suppose 0 = 5*p - 2*d - 16, 5*d = p - 2 + z. Let h(m) = -m**3 + 5*m**2 - 4*m + 1. What is h(p)?
1
Let f(h) = -2*h**3 - h**3 - 7*h**2 - 4 - 7*h + 4*h**3. Let w(i) = -19*i - 163. Let t be w(-9). Determine f(t).
4
Let t(f) = 6*f + 13. Let i(w) = -31*w - 67. Let g(d) = 2*i(d) + 11*t(d). Calculate g(7).
37
Let x(h) = 29*h - 2*h**2 + 1 - 94*h + 25*h + 38*h + 2. Give x(2).
-9
Let p(m) = m**3 - 2*m**2 - 3*m - 4. Let j(d) = 7*d + 3. Let g be j(-5). Let l = g + 42. Let y be ((-3)/(-2))/(5/l). What is p(y)?
-4
Let p(n) = 4 + 7 + 9*n - 1 + 8*n + n**2. What is p(-17)?
10
Let u(i) = -36*i - 35*i - 4 + 76*i. Calculate u(4).
16
Suppose 31*n = 4*n + 216. Let g(o) = -3*o + 13. Determine g(n).
-11
Suppose 2*v + 0 = 6. Let a(n) = -4*n**3 + 3*n**2 - 3*n - 1. Let l(m) = 7*m**3 - 6*m**2 + 5*m + 1. Let z(f) = -5*a(f) - 3*l(f). Determine z(v).
2
Suppose -10 - 14 = -6*j. Suppose -4*s = a - 8, 5*a = -s - j*s + 10. Let t be a/(-2) + 2/(-1). Let v(y) = -4*y - 3. Determine v(t).
5
Let l(m) be the second derivative of 1/3*m**3 + 1/20*m**5 - 10*m + 0 + m**2 - 5/12*m**4. Suppose -3 = -3*f - 3*b - 9, -3*f - 4*b - 10 = 0. Determine l(f).
-6
Let i(a) = a**2 + 2*a**2 - 13*a + 1 - 2 - 4*a**2 - 7. Determine i(-13).
-8
Let j(q) = -18*q - 1. Let l be j(1). Let m = -25 - l. Let z(s) = -s - 4. What is z(m)?
2
Suppose -5*s = -2661 + 2661. Let v(d) be the third derivative of -1/120*d**6 + s + 2/15*d**5 - 2*d**2 + 0*d - 1/2*d**3 - 1/4*d**4. Determine v(7).
4
Let a be ((-16)/20)/((-6)/15). Let u(p) = -54*p**a + 5*p**3 + 5*p - 6*p - 4*p**3 + 60*p**2 - 6. Calculate